{"id":522,"date":"2022-02-09T18:18:32","date_gmt":"2022-02-09T17:18:32","guid":{"rendered":"http:\/\/soudolux.net\/?page_id=522"},"modified":"2022-02-09T19:18:00","modified_gmt":"2022-02-09T18:18:00","slug":"constuction-metallique","status":"publish","type":"page","link":"http:\/\/soudolux.net\/index.php\/constuction-metallique\/","title":{"rendered":"CONSTUCTION    &#8211;    METALLIQUE\u200b"},"content":{"rendered":"\t\t<div data-elementor-type=\"wp-page\" data-elementor-id=\"522\" class=\"elementor elementor-522\">\n\t\t\t\t\t\t\t\t\t<section class=\"elementor-section elementor-top-section elementor-element elementor-element-eac01a2 elementor-section-boxed elementor-section-height-default elementor-section-height-default\" data-id=\"eac01a2\" data-element_type=\"section\">\n\t\t\t\t\t\t<div class=\"elementor-container elementor-column-gap-default\">\n\t\t\t\t\t<div class=\"elementor-column elementor-col-100 elementor-top-column elementor-element elementor-element-8c2fa3a\" data-id=\"8c2fa3a\" data-element_type=\"column\">\n\t\t\t<div class=\"elementor-widget-wrap elementor-element-populated\">\n\t\t\t\t\t\t\t\t<div class=\"elementor-element elementor-element-3c28fab elementor-widget elementor-widget-heading\" data-id=\"3c28fab\" data-element_type=\"widget\" data-widget_type=\"heading.default\">\n\t\t\t\t<div class=\"elementor-widget-container\">\n\t\t\t<style>\/*! elementor - v3.8.1 - 13-11-2022 *\/\n.elementor-heading-title{padding:0;margin:0;line-height:1}.elementor-widget-heading .elementor-heading-title[class*=elementor-size-]>a{color:inherit;font-size:inherit;line-height:inherit}.elementor-widget-heading .elementor-heading-title.elementor-size-small{font-size:15px}.elementor-widget-heading .elementor-heading-title.elementor-size-medium{font-size:19px}.elementor-widget-heading .elementor-heading-title.elementor-size-large{font-size:29px}.elementor-widget-heading .elementor-heading-title.elementor-size-xl{font-size:39px}.elementor-widget-heading .elementor-heading-title.elementor-size-xxl{font-size:59px}<\/style><h6 class=\"elementor-heading-title elementor-size-default\"><a href=\"http:\/\/soudolux.net\/index.php\/services\/\">Nos Services \/ Charpentre metalique<\/a><\/h6>\t\t<\/div>\n\t\t\t\t<\/div>\n\t\t\t\t\t<\/div>\n\t\t<\/div>\n\t\t\t\t\t\t\t<\/div>\n\t\t<\/section>\n\t\t\t\t<section class=\"elementor-section elementor-top-section elementor-element elementor-element-a9616c7 elementor-section-boxed elementor-section-height-default elementor-section-height-default\" data-id=\"a9616c7\" data-element_type=\"section\">\n\t\t\t\t\t\t<div class=\"elementor-container elementor-column-gap-default\">\n\t\t\t\t\t<div class=\"elementor-column elementor-col-33 elementor-top-column elementor-element elementor-element-920b8ab\" data-id=\"920b8ab\" data-element_type=\"column\">\n\t\t\t<div class=\"elementor-widget-wrap elementor-element-populated\">\n\t\t\t\t\t\t\t\t<div class=\"elementor-element elementor-element-899ebf9 elementor-widget elementor-widget-image\" data-id=\"899ebf9\" data-element_type=\"widget\" data-widget_type=\"image.default\">\n\t\t\t\t<div class=\"elementor-widget-container\">\n\t\t\t<style>\/*! elementor - v3.8.1 - 13-11-2022 *\/\n.elementor-widget-image{text-align:center}.elementor-widget-image a{display:inline-block}.elementor-widget-image a img[src$=\".svg\"]{width:48px}.elementor-widget-image img{vertical-align:middle;display:inline-block}<\/style>\t\t\t\t\t\t\t\t\t\t\t\t<img loading=\"lazy\" decoding=\"async\" width=\"683\" height=\"1024\" src=\"http:\/\/soudolux.net\/wp-content\/uploads\/2021\/11\/cm-683x1024.jpg\" class=\"attachment-large size-large\" alt=\"\" srcset=\"http:\/\/soudolux.net\/wp-content\/uploads\/2021\/11\/cm-683x1024.jpg 683w, http:\/\/soudolux.net\/wp-content\/uploads\/2021\/11\/cm-200x300.jpg 200w, http:\/\/soudolux.net\/wp-content\/uploads\/2021\/11\/cm-768x1152.jpg 768w, http:\/\/soudolux.net\/wp-content\/uploads\/2021\/11\/cm-1024x1536.jpg 1024w, http:\/\/soudolux.net\/wp-content\/uploads\/2021\/11\/cm-1365x2048.jpg 1365w, http:\/\/soudolux.net\/wp-content\/uploads\/2021\/11\/cm-scaled.jpg 1707w\" sizes=\"auto, (max-width: 683px) 100vw, 683px\" \/>\t\t\t\t\t\t\t\t\t\t\t\t\t\t\t<\/div>\n\t\t\t\t<\/div>\n\t\t\t\t\t<\/div>\n\t\t<\/div>\n\t\t\t\t<div class=\"elementor-column elementor-col-66 elementor-top-column elementor-element elementor-element-d6f9d1d\" data-id=\"d6f9d1d\" data-element_type=\"column\">\n\t\t\t<div class=\"elementor-widget-wrap elementor-element-populated\">\n\t\t\t\t\t\t\t\t<div class=\"elementor-element elementor-element-55b9ce1 elementor-widget elementor-widget-text-editor\" data-id=\"55b9ce1\" data-element_type=\"widget\" data-widget_type=\"text-editor.default\">\n\t\t\t\t<div class=\"elementor-widget-container\">\n\t\t\t<style>\/*! elementor - v3.8.1 - 13-11-2022 *\/\n.elementor-widget-text-editor.elementor-drop-cap-view-stacked .elementor-drop-cap{background-color:#818a91;color:#fff}.elementor-widget-text-editor.elementor-drop-cap-view-framed .elementor-drop-cap{color:#818a91;border:3px solid;background-color:transparent}.elementor-widget-text-editor:not(.elementor-drop-cap-view-default) .elementor-drop-cap{margin-top:8px}.elementor-widget-text-editor:not(.elementor-drop-cap-view-default) .elementor-drop-cap-letter{width:1em;height:1em}.elementor-widget-text-editor .elementor-drop-cap{float:left;text-align:center;line-height:1;font-size:50px}.elementor-widget-text-editor .elementor-drop-cap-letter{display:inline-block}<\/style>\t\t\t\t<p>SOUDOLUX CHARPENTE METALLIQUE<br \/>SOUDOLUX dispose d&rsquo;un departement \u00e9tudes et montage de batiments<br \/>en charpente m\u00e9tallique. Ce d\u00e9partement s&rsquo;appuie sur des \u00e9quipes d&rsquo;ingenieurs<br \/>et techniciens exp\u00e9riment\u00e9s ayants particip\u00e9s \u00e0 la mise en ouvres de plusieurs<br \/>ouvrages de ref\u00e9rence.<br \/>Notre bureau d&rsquo;\u00e9tude est outill\u00e9 pour la conception, le calcul des structures,<br \/>production des plans de fabrication, la production des plans de montage.<\/p>\t\t\t\t\t\t<\/div>\n\t\t\t\t<\/div>\n\t\t\t\t\t<\/div>\n\t\t<\/div>\n\t\t\t\t\t\t\t<\/div>\n\t\t<\/section>\n\t\t\t\t\t\t\t<\/div>\n\t\t","protected":false},"excerpt":{"rendered":"<p>Nos Services \/ Charpentre metalique SOUDOLUX CHARPENTE METALLIQUESOUDOLUX dispose d&rsquo;un departement \u00e9tudes et montage de batimentsen charpente m\u00e9tallique. Ce d\u00e9partement s&rsquo;appuie sur des \u00e9quipes d&rsquo;ingenieurset techniciens exp\u00e9riment\u00e9s ayants particip\u00e9s \u00e0 la mise en ouvres de plusieursouvrages de ref\u00e9rence.Notre bureau d&rsquo;\u00e9tude est outill\u00e9 pour la conception, le calcul des structures,production des plans de fabrication, la production&hellip;&nbsp;<a href=\"http:\/\/soudolux.net\/index.php\/constuction-metallique\/\" class=\"\" rel=\"bookmark\">Lire la suite &raquo;<span class=\"screen-reader-text\">CONSTUCTION    &#8211;    METALLIQUE\u200b<\/span><\/a><\/p>\n","protected":false},"author":1,"featured_media":0,"parent":0,"menu_order":0,"comment_status":"closed","ping_status":"closed","template":"page-templates\/template-pagebuilder-full-width.php","meta":{"neve_meta_sidebar":"","neve_meta_container":"","neve_meta_enable_content_width":"","neve_meta_content_width":0,"neve_meta_title_alignment":"","neve_meta_author_avatar":"","neve_post_elements_order":"","neve_meta_disable_header":"","neve_meta_disable_footer":"","neve_meta_disable_title":"","footnotes":""},"class_list":["post-522","page","type-page","status-publish","hentry"],"yoast_head":"<!-- This site is optimized with the Yoast SEO plugin v19.10 - https:\/\/yoast.com\/wordpress\/plugins\/seo\/ -->\n<title>CONSTUCTION  -  METALLIQUE\u200b &ndash; SOUDOLUX<\/title>\n<meta name=\"robots\" content=\"index, follow, max-snippet:-1, max-image-preview:large, max-video-preview:-1\" \/>\n<link rel=\"canonical\" href=\"https:\/\/soudolux.net\/index.php\/constuction-metallique\/\" \/>\n<meta property=\"og:locale\" content=\"fr_FR\" \/>\n<meta property=\"og:type\" content=\"article\" \/>\n<meta property=\"og:title\" content=\"CONSTUCTION  -  METALLIQUE\u200b &ndash; SOUDOLUX\" \/>\n<meta property=\"og:description\" content=\"Nos Services \/ Charpentre metalique SOUDOLUX CHARPENTE METALLIQUESOUDOLUX dispose d&rsquo;un departement \u00e9tudes et montage de batimentsen charpente m\u00e9tallique. Ce d\u00e9partement s&rsquo;appuie sur des \u00e9quipes d&rsquo;ingenieurset techniciens exp\u00e9riment\u00e9s ayants particip\u00e9s \u00e0 la mise en ouvres de plusieursouvrages de ref\u00e9rence.Notre bureau d&rsquo;\u00e9tude est outill\u00e9 pour la conception, le calcul des structures,production des plans de fabrication, la production&hellip;&nbsp;Lire la suite &raquo;CONSTUCTION  &#8211;  METALLIQUE\u200b\" \/>\n<meta property=\"og:url\" content=\"https:\/\/soudolux.net\/index.php\/constuction-metallique\/\" \/>\n<meta property=\"og:site_name\" content=\"SOUDOLUX\" \/>\n<meta property=\"article:modified_time\" content=\"2022-02-09T18:18:00+00:00\" \/>\n<meta property=\"og:image\" content=\"http:\/\/soudolux.net\/wp-content\/uploads\/2021\/11\/cm-683x1024.jpg\" \/>\n<meta name=\"twitter:card\" content=\"summary_large_image\" \/>\n<meta name=\"twitter:label1\" content=\"Dur\u00e9e de lecture estim\u00e9e\" \/>\n\t<meta name=\"twitter:data1\" content=\"1 minute\" \/>\n<script type=\"application\/ld+json\" class=\"yoast-schema-graph\">{\"@context\":\"https:\/\/schema.org\",\"@graph\":[{\"@type\":\"WebPage\",\"@id\":\"https:\/\/soudolux.net\/index.php\/constuction-metallique\/\",\"url\":\"https:\/\/soudolux.net\/index.php\/constuction-metallique\/\",\"name\":\"CONSTUCTION - METALLIQUE\u200b &ndash; SOUDOLUX\",\"isPartOf\":{\"@id\":\"http:\/\/soudolux.net\/#website\"},\"datePublished\":\"2022-02-09T17:18:32+00:00\",\"dateModified\":\"2022-02-09T18:18:00+00:00\",\"breadcrumb\":{\"@id\":\"https:\/\/soudolux.net\/index.php\/constuction-metallique\/#breadcrumb\"},\"inLanguage\":\"fr-FR\",\"potentialAction\":[{\"@type\":\"ReadAction\",\"target\":[\"https:\/\/soudolux.net\/index.php\/constuction-metallique\/\"]}]},{\"@type\":\"BreadcrumbList\",\"@id\":\"https:\/\/soudolux.net\/index.php\/constuction-metallique\/#breadcrumb\",\"itemListElement\":[{\"@type\":\"ListItem\",\"position\":1,\"name\":\"Accueil\",\"item\":\"http:\/\/soudolux.net\/\"},{\"@type\":\"ListItem\",\"position\":2,\"name\":\"CONSTUCTION &#8211; METALLIQUE\u200b\"}]},{\"@type\":\"WebSite\",\"@id\":\"http:\/\/soudolux.net\/#website\",\"url\":\"http:\/\/soudolux.net\/\",\"name\":\"SOUDOLUX\",\"description\":\"Echaffaudage &amp; Soudure industrielle\",\"publisher\":{\"@id\":\"http:\/\/soudolux.net\/#organization\"},\"potentialAction\":[{\"@type\":\"SearchAction\",\"target\":{\"@type\":\"EntryPoint\",\"urlTemplate\":\"http:\/\/soudolux.net\/?s={search_term_string}\"},\"query-input\":\"required name=search_term_string\"}],\"inLanguage\":\"fr-FR\"},{\"@type\":\"Organization\",\"@id\":\"http:\/\/soudolux.net\/#organization\",\"name\":\"SOUDOLUX\",\"url\":\"http:\/\/soudolux.net\/\",\"logo\":{\"@type\":\"ImageObject\",\"inLanguage\":\"fr-FR\",\"@id\":\"http:\/\/soudolux.net\/#\/schema\/logo\/image\/\",\"url\":\"http:\/\/soudolux.net\/wp-content\/uploads\/2021\/11\/soudolux-sarl-sans-fond.png\",\"contentUrl\":\"http:\/\/soudolux.net\/wp-content\/uploads\/2021\/11\/soudolux-sarl-sans-fond.png\",\"width\":1772,\"height\":639,\"caption\":\"SOUDOLUX\"},\"image\":{\"@id\":\"http:\/\/soudolux.net\/#\/schema\/logo\/image\/\"}}]}<\/script>\n<!-- \/ Yoast SEO plugin. -->","yoast_head_json":{"title":"CONSTUCTION  -  METALLIQUE\u200b &ndash; SOUDOLUX","robots":{"index":"index","follow":"follow","max-snippet":"max-snippet:-1","max-image-preview":"max-image-preview:large","max-video-preview":"max-video-preview:-1"},"canonical":"https:\/\/soudolux.net\/index.php\/constuction-metallique\/","og_locale":"fr_FR","og_type":"article","og_title":"CONSTUCTION  -  METALLIQUE\u200b &ndash; SOUDOLUX","og_description":"Nos Services \/ Charpentre metalique SOUDOLUX CHARPENTE METALLIQUESOUDOLUX dispose d&rsquo;un departement \u00e9tudes et montage de batimentsen charpente m\u00e9tallique. Ce d\u00e9partement s&rsquo;appuie sur des \u00e9quipes d&rsquo;ingenieurset techniciens exp\u00e9riment\u00e9s ayants particip\u00e9s \u00e0 la mise en ouvres de plusieursouvrages de ref\u00e9rence.Notre bureau d&rsquo;\u00e9tude est outill\u00e9 pour la conception, le calcul des structures,production des plans de fabrication, la production&hellip;&nbsp;Lire la suite &raquo;CONSTUCTION  &#8211;  METALLIQUE\u200b","og_url":"https:\/\/soudolux.net\/index.php\/constuction-metallique\/","og_site_name":"SOUDOLUX","article_modified_time":"2022-02-09T18:18:00+00:00","og_image":[{"url":"http:\/\/soudolux.net\/wp-content\/uploads\/2021\/11\/cm-683x1024.jpg"}],"twitter_card":"summary_large_image","twitter_misc":{"Dur\u00e9e de lecture estim\u00e9e":"1 minute"},"schema":{"@context":"https:\/\/schema.org","@graph":[{"@type":"WebPage","@id":"https:\/\/soudolux.net\/index.php\/constuction-metallique\/","url":"https:\/\/soudolux.net\/index.php\/constuction-metallique\/","name":"CONSTUCTION - METALLIQUE\u200b &ndash; SOUDOLUX","isPartOf":{"@id":"http:\/\/soudolux.net\/#website"},"datePublished":"2022-02-09T17:18:32+00:00","dateModified":"2022-02-09T18:18:00+00:00","breadcrumb":{"@id":"https:\/\/soudolux.net\/index.php\/constuction-metallique\/#breadcrumb"},"inLanguage":"fr-FR","potentialAction":[{"@type":"ReadAction","target":["https:\/\/soudolux.net\/index.php\/constuction-metallique\/"]}]},{"@type":"BreadcrumbList","@id":"https:\/\/soudolux.net\/index.php\/constuction-metallique\/#breadcrumb","itemListElement":[{"@type":"ListItem","position":1,"name":"Accueil","item":"http:\/\/soudolux.net\/"},{"@type":"ListItem","position":2,"name":"CONSTUCTION &#8211; METALLIQUE\u200b"}]},{"@type":"WebSite","@id":"http:\/\/soudolux.net\/#website","url":"http:\/\/soudolux.net\/","name":"SOUDOLUX","description":"Echaffaudage &amp; Soudure industrielle","publisher":{"@id":"http:\/\/soudolux.net\/#organization"},"potentialAction":[{"@type":"SearchAction","target":{"@type":"EntryPoint","urlTemplate":"http:\/\/soudolux.net\/?s={search_term_string}"},"query-input":"required name=search_term_string"}],"inLanguage":"fr-FR"},{"@type":"Organization","@id":"http:\/\/soudolux.net\/#organization","name":"SOUDOLUX","url":"http:\/\/soudolux.net\/","logo":{"@type":"ImageObject","inLanguage":"fr-FR","@id":"http:\/\/soudolux.net\/#\/schema\/logo\/image\/","url":"http:\/\/soudolux.net\/wp-content\/uploads\/2021\/11\/soudolux-sarl-sans-fond.png","contentUrl":"http:\/\/soudolux.net\/wp-content\/uploads\/2021\/11\/soudolux-sarl-sans-fond.png","width":1772,"height":639,"caption":"SOUDOLUX"},"image":{"@id":"http:\/\/soudolux.net\/#\/schema\/logo\/image\/"}}]}},"_links":{"self":[{"href":"http:\/\/soudolux.net\/index.php\/wp-json\/wp\/v2\/pages\/522","targetHints":{"allow":["GET"]}}],"collection":[{"href":"http:\/\/soudolux.net\/index.php\/wp-json\/wp\/v2\/pages"}],"about":[{"href":"http:\/\/soudolux.net\/index.php\/wp-json\/wp\/v2\/types\/page"}],"author":[{"embeddable":true,"href":"http:\/\/soudolux.net\/index.php\/wp-json\/wp\/v2\/users\/1"}],"replies":[{"embeddable":true,"href":"http:\/\/soudolux.net\/index.php\/wp-json\/wp\/v2\/comments?post=522"}],"version-history":[{"count":7,"href":"http:\/\/soudolux.net\/index.php\/wp-json\/wp\/v2\/pages\/522\/revisions"}],"predecessor-version":[{"id":562,"href":"http:\/\/soudolux.net\/index.php\/wp-json\/wp\/v2\/pages\/522\/revisions\/562"}],"wp:attachment":[{"href":"http:\/\/soudolux.net\/index.php\/wp-json\/wp\/v2\/media?parent=522"}],"curies":[{"name":"wp","href":"https:\/\/api.w.org\/{rel}","templated":true}]}}